emainder when 298 is divided by i.
58
Suppose 4*b = -2*d + 78, -4*b - 77 = -d - 2*d. Suppose 6*y - d = 29. Calculate the remainder when y is divided by 6.
4
Let l be (4/6)/(4/24*1). Suppose l*g - 154 + 38 = 0. What is the remainder when 112 is divided by g?
25
Suppose -104585 = 7*f - 201*f - 9525. Calculate the remainder when f is divided by 4.
2
What is the remainder when 573 is divided by 14/(-16)*24/28 - (-450)/24?
15
Let c = 9 + 1. Suppose 17*p - 185 - 1294 = 0. What is the remainder when p is divided by c?
7
Let c = 231 - 225. Suppose -4*u + 12 = 0, 2*w + u + 169 = c*w. What is the remainder when 300 is divided by w?
42
Calculate the remainder when (-48)/(-56)*(251 + 8) is divided by 61.
39
Calculate the remainder when 1599 is divided by 79 - 77 - (20576/(-104) + (-4)/26).
199
Suppose 0*v - 2*v = -38. Suppose 0 = -5*i - 10*i + 495. Calculate the remainder when i is divided by v.
14
Let z(o) be the third derivative of o**5/60 + o**4/2 + 5*o**3/6 + o**2 + 37*o. Calculate the remainder when 72 is divided by z(-14).
6
Calculate the remainder when ((-882)/(-56))/((-9)/(-72)) is divided by 82.
44
Suppose 5*i - 8*i + 3 = 0. Suppose 15*z + 42 = 21*z. Calculate the remainder when z is divided by (-4 - (i - 4))/(1/(-5)).
2
Let d(v) = -4*v + 3. Let o(q) = -q + 96. What is the remainder when o(54) is divided by d(-3)?
12
Suppose -93*t + 91*t + 202 = 0. Let p = t + -90. What is the remainder when 18 is divided by p?
7
Suppose -34061 = 147*w - 676598. Calculate the remainder when w is divided by 54.
51
Let o = 391 - 278. Suppose 0 = -531*k + 200 + 10420. Calculate the remainder when o is divided by k.
13
Let s(x) = -x**2 - 63*x + 1507. What is the remainder when s(-78) is divided by 293?
44
Let u(t) = -t**3 - 8*t**2 - 16*t + 3. Suppose -5*f - 16 = -f - 2*k, 3*f + 11 = 2*k. Let l(y) = 4*y. What is the remainder when l(7) is divided by u(f)?
4
Let g(q) = 3*q**2 - 43*q + 7. What is the remainder when g(33) is divided by 64?
63
Let p(o) = o**3 - 4*o**2 - o - 1. Let b(w) = w**2 - 21*w + 5. Let h be b(18). Let z = h - -60. What is the remainder when p(5) is divided by z?
8
Suppose 108*l + 97*l - 2394 - 9291 = 0. What is the remainder when 193 is divided by l?
22
Suppose -4*q + 11 = -21. Suppose 0 = -q*z - 465 + 9425. Calculate the remainder when 5 - 282/54 - z/(-18) is divided by 8.
6
Let a(i) = -5*i - 5. Let n = 2547 + -2482. Calculate the remainder when n is divided by a(-5).
5
Suppose 298 = 5*g + 3*v, -3*g - 5*v = -2*v - 174. What is the remainder when (-3)/((-36)/2960) + (-44)/66 is divided by g?
60
Let m(v) = v**2 - 25*v + 21. Let x be m(23). Let w(b) = -9*b + 2. Let j be w(2). Let c = j - x. Calculate the remainder when 24 is divided by c.
6
Suppose 22*s + 13*s - 551 = -26. Let d(a) = a**3 + 8*a**2 - 9*a + 4. What is the remainder when d(-7) is divided by s?
11
Let c(a) = 6*a + 51. Let x = 40 - 61. Let h be c(x). What is the remainder when 13 is divided by ((-1)/2)/(h/(-40) + -2)?
1
Let m(x) = -66*x**2 + 42*x**2 + 9*x - 66*x**3 - 4*x + 3 + 27*x**2. Calculate the remainder when m(-1) is divided by 10.
7
Let p be 171/(-9)*12*-1 - 1. Suppose -3*u + t + 137 = 0, -3*t - p = -4*u - u. What is the remainder when u is divided by 16?
14
Let y = 5544 - 5527. What is the remainder when 3194 is divided by y?
15
Let y = -210 - -225. Suppose -y*q - 120 = -645. Suppose -3*p = -6*p + 309. What is the remainder when p is divided by q?
33
Let u = 381 - 374. Suppose -j + 7*k - 4*k = -198, j + 3*k - 192 = 0. Let m = j - 136. What is the remainder when m is divided by u?
3
Suppose 5*a + 3*d = 424, 0 = 2*a + 5084*d - 5083*d - 171. What is the remainder when 1003 is divided by a?
24
Suppose -2 = h, -x + 5*h - 19 + 38 = 0. Suppose x*a = 25*a - 368. Calculate the remainder when 88 is divided by a.
19
Let q(z) = -z**3 + 10*z**2 - 7*z - 7. What is the remainder when q(6) is divided by 8200/(-1476)*18/(-5)?
15
Suppose 0 = 5*h - 22 - 3, 5*u + 65 = 4*h. Let b(p) = p**3 + 7*p**2 - 2*p - 9. Calculate the remainder when b(-7) is divided by 1/(12/u)*(-4 + 0).
2
What is the remainder when 10 + 273500/220 + (-3)/(99/6) is divided by 116?
93
Calculate the remainder when 1948 is divided by (-559)/172*((1 - 1) + -2)*10.
63
Let s be (-2)/(-5) + -5*36/(-50). Calculate the remainder when (-310)/(-15)*s/(8/3) is divided by 9.
4
Let x be (-8 - 54/(-12))/(1/(-24)). Suppose -2*j - u = -113, -x = -16*j + 15*j + 5*u. What is the remainder when 226 is divided by j?
49
Let x(b) = 3*b**2 + 5*b - 38. Let h be x(-6). Let k = h + 21. Let d = -18 - -39. Calculate the remainder when k is divided by d.
19
Suppose 0 = m + 2, -m = 7*v - 6*v - 3. What is the remainder when 83 is divided by (-5)/(v/(-17)) - (-8 - -3)?
17
Suppose -6667*v - 1820 = -6681*v. What is the remainder when v is divided by 33?
31
Suppose -64*l + 59*l = -4*q - 2129, 2*l = 4*q + 842. Calculate the remainder when l is divided by 108.
105
Let c(w) = -3*w**2 + 20*w + 10. Let v be c(7). Suppose -v*y + 248 = -y. Calculate the remainder when y is divided by 64.
60
Suppose 337*m - 11601921 = 2719272 - 3089994. Calculate the remainder when m is divided by 303.
300
Suppose 0 = -379*n + 374*n + 2580. What is the remainder when n is divided by 176?
164
Let v(t) be the first derivative of -10*t**4 + t**3/3 + t**2 + 41. Let d(r) = -r + 1. Calculate the remainder when v(-1) is divided by d(-6).
4
Let a = 813 - 835. Let q(v) = -v**3 - 24*v**2 - 45*v + 15. Calculate the remainder when q(a) is divided by 21.
16
What is the remainder when 202 is divided by 7540/39 - (1/(-6))/((-28)/(-112))?
8
Let l = -3364 + 140. Suppose d = -4*o + 7, 4*d = 2*d + 4*o + 50. What is the remainder when l/(-39) + -1 + (-8)/(-6) is divided by d?
7
Suppose -3*l + 163 = 5*k, -175 = 512*l - 515*l - 2*k. Suppose 3*w - 4*h - 354 = -0*w, 118 = w - 5*h. Calculate the remainder when w is divided by l.
57
Let g(n) = n**3 - n**2 + 45*n + 99. What is the remainder when 4/(-12) + 886/3 + -2 is divided by g(0)?
95
Let a = 24 + -10. Calculate the remainder when 51/(7/(182/39)) is divided by a.
6
Suppose -28*g + 32*g - 790 = 3*v, -2*g = -3*v - 404. What is the remainder when g is divided by 178?
15
Let k be 8673/2 + (-35)/(-10). Suppose 82*s - 77*s - k = 0. What is the remainder when s is divided by 13?
10
Suppose 0 = 3*h - k - 3, 3*h + 6*k - k = 3. Let r be h + -5 + 3 - 33. Let s = -31 - r. Calculate the remainder when 6 is divided by s.
0
Let j(k) = -260*k + 105. Let b be j(3). Let z = -649 - b. Calculate the remainder when 154 is divided by z.
24
Let p be 2 + (1 - 1) + -90. Let a = p - -163. Let s = -443311 - -443321. What is the remainder when a is divided by s?
5
Let d(b) = -1793*b - 2974. What is the remainder when d(-2) is divided by 406?
206
Suppose -2*i = -0*i, -4*i + 441 = 3*l. Suppose l = -4*g - 233. Let x = 99 + g. What is the remainder when 4 is divided by x?
0
Suppose -2*q - 48 = 71*z - 73*z, -2*z + 60 = 2*q. What is the remainder when (2 - -4)*66/9 is divided by z?
17
Let s(b) = 31*b - 2076. What is the remainder when 754 is divided by s(75)?
7
Let t = -27 - -21. Let m be ((-1)/(-3) - (-20)/t)*-1. Suppose -3 = -m*u, -8*r + 3*r + 553 = 3*u. What is the remainder when r is divided by 28?
26
Suppose 8*l - 11 = 61. Suppose 44 = l*n + 8. Suppose 3*z + 15 = i, 7*i - 59 = n*i - 5*z. Calculate the remainder when 70 is divided by i.
16
Let t = -15002 + 19895. What is the remainder when t is divided by 72?
69
Suppose 439 = 4*a - 5*w + 253, 10 = 5*w. Let o = 52 + -43. Calculate the remainder when a is divided by o.
4
Let f = 37842 - 37821. Suppose 2*s - 3 = -k, -5*s + 0*k + 24 = -3*k. Calculate the remainder when 1*3*(30 - s) is divided by f.
18
Let w(f) = -13*f - 9. Let b be w(-5). Let r = b + -43. What is the remainder when 3 + ((-140)/(-4) - 1) is divided by r?
11
Suppose 0 = -33*m - 6*m - 1465 + 8953. What is the remainder when m is divided by 20?
12
Let x(n) = n**3 - 17*n**2 + 15*n + 13. Let w(q) = 6*q**3 - 86*q**2 + 74*q + 66. Let o(k) = 2*w(k) - 11*x(k). What is the remainder when o(-15) is divided by 62?
58
Let t = -254 - -257. Let j(r) = r**3 + 6*r**2 + 3*r + 4. Calculate the remainder when j(-4) is divided by 13/(t - (-5 + 7)).
11
Let m = -10282 - -11301. What is the remainder when m is divided by 38?
31
What is the remainder when 1363 is divided by 98 - ((-95)/(-7) + -7 - (-